of 7305?
False
Does 12 divide 144?
True
Is 60032 a multiple of 28?
True
Is 9776 a multiple of 26?
True
Does 11 divide 2002?
True
Is 3 even?
False
Is 122 a factor of 4758?
True
Is 16632 a multiple of 21?
True
Is 674 a multiple of 6?
False
Does 48 divide 576?
True
Is 59 a factor of 708?
True
Is 660 a multiple of 3?
True
Does 13 divide 1566?
False
Does 2 divide 354?
True
Does 2 divide 656?
True
Is 184 a factor of 14160?
False
Does 15 divide 324?
False
Is 13 a factor of 793?
True
Does 60 divide 3051?
False
Is 86 a factor of 2838?
True
Is 6095 a multiple of 82?
False
Does 4 divide 596?
True
Is 17 a factor of 567?
False
Is 9 a factor of 42?
False
Is 531 a multiple of 10?
False
Is 10 a factor of 1413?
False
Does 55 divide 107704?
False
Is 381 a multiple of 12?
False
Is 10 a factor of 170?
True
Does 9 divide 772?
False
Does 6 divide 305?
False
Does 5 divide 281?
False
Is 933 a multiple of 25?
False
Does 38 divide 1292?
True
Is 3474 a multiple of 43?
False
Is 9970 a multiple of 47?
False
Is 3884 a multiple of 10?
False
Does 184 divide 3864?
True
Is 12096 a multiple of 16?
True
Is 15904 a multiple of 7?
True
Does 27 divide 15390?
True
Does 14 divide 2096?
False
Is 30 a factor of 608?
False
Is 125 a factor of 9182?
False
Is 1550 a multiple of 12?
False
Is 213 a factor of 12993?
True
Is 25737 a multiple of 23?
True
Is 1254 a multiple of 22?
True
Is 229 a multiple of 3?
False
Is 1418 a multiple of 9?
False
Does 8 divide 272?
True
Is 11 a factor of 403?
False
Is 30 a factor of 2504?
False
Does 11 divide 176?
True
Is 40 a factor of 320?
True
Is 133 a factor of 16627?
False
Is 10578 a multiple of 3?
True
Is 12 a factor of 30852?
True
Is 4988 a multiple of 69?
False
Is 11655 a multiple of 105?
True
Does 30 divide 4020?
True
Does 18 divide 41278?
False
Is 1235 a multiple of 13?
True
Is 11182 a multiple of 17?
False
Does 32 divide 4233?
False
Is 28 a multiple of 4?
True
Is 10 a factor of 186?
False
Is 26 a factor of 542?
False
Is 65472 a multiple of 24?
True
Is 17 a factor of 479?
False
Is 26 a factor of 87854?
True
Is 17 a factor of 935?
True
Does 28 divide 4340?
True
Does 21 divide 798?
True
Is 1203 a multiple of 15?
False
Does 140 divide 30541?
False
Does 5 divide 158?
False
Does 134 divide 8384?
False
Does 33 divide 561?
True
Is 2199 a multiple of 31?
False
Is 16589 a multiple of 71?
False
Is 598 a multiple of 32?
False
Is 29 a multiple of 2?
False
Does 52 divide 22149?
False
Is 3087 a multiple of 14?
False
Is 59 a factor of 826?
True
Does 19 divide 2071?
True
Is 14888 a multiple of 107?
False
Is 10869 a multiple of 91?
False
Does 10 divide 24000?
True
Is 70125 a multiple of 33?
True
Does 75 divide 12225?
True
Is 9180 a multiple of 153?
True
Is 44 a factor of 63?
False
Is 2130 a multiple of 44?
False
Is 1363 a multiple of 31?
False
Does 53 divide 1002?
False
Does 43 divide 2924?
True
Is 23 a factor of 4347?
True
Is 136605 a multiple of 436?
False
Does 37 divide 1572?
False
Is 47 a factor of 12517?
False
Is 21297 a multiple of 93?
True
Is 17 a factor of 7769?
True
Is 36533 a multiple of 119?
True
Is 28 a factor of 37072?
True
Does 31 divide 5022?
True
Is 1882 a multiple of 2?
True
Is 1272 a multiple of 12?
True
Does 4 divide 29?
False
Does 34 divide 714?
True
Is 5126 a multiple of 2?
True
Does 12 divide 2796?
True
Is 1644 a multiple of 5?
False
Is 25295 a multiple of 29?
False
Is 6692 a multiple of 5?
False
Is 720 a multiple of 16?
True
Is 2432 a multiple of 38?
True
Does 7 divide 1002?
False
Does 29 divide 2730?
False
Is 26868 a multiple of 4?
True
Is 4387 a multiple of 107?
True
Is 106 a factor of 5010?
False
Is 18 a factor of 234?
True
Is 1120 a multiple of 35?
True
Does 21 divide 546?
True
Does 37 divide 1385?
False
Does 116 divide 9628?
True
Is 13 a factor of 491?
False
Is 2530 a multiple of 11?
True
Does 11 divide 20482?
True
Is 17 a factor of 6103?
True
Is 7 a factor of 16292?
False
Is 344 a multiple of 3?
False
Is 14 a factor of 336?
True
Is 3694 a multiple of 9?
False
Does 7 divide 587?
False
Is 29 a factor of 147?
False
Does 33 divide 363?
True
Does 14 divide 1239?
False
Does 30 divide 6294?
False
Is 10 a factor of 9948?
False
Does 7 divide 705?
False
Is 15 a factor of 410?
False
Does 16 divide 2872?
False
Is 160512 a multiple of 12?
True
Does 2 divide 24?
True
Is 13 a factor of 8281?
True
Is 100 a factor of 3537?
False
Is 17 a factor of 155?
False
Is 77 a factor of 539?
True
Does 49 divide 1666?
True
Is 472 a multiple of 12?
False
Does 19 divide 105640?
True
Does 48 divide 17040?
True
Is 14 a factor of 3070?
False
Does 116 divide 49395?
False
Does 36 divide 756?
True
Is 14 a factor of 611?
False
Is 90 a factor of 23289?
False
Does 10 divide 413?
False
Does 15 divide 18863?
False
Does 27 divide 1167?
False
Is 9 a factor of 1641?
False
Is 31 a factor of 537?
False
Is 134 a factor of 13400?
True
Is 18091 a multiple of 79?
True
Is 386 a multiple of 4?
False
Is 11712 a multiple of 16?
True
Is 2220 a multiple of 15?
True
Does 15 divide 4350?
True
Is 36 a factor of 28512?
True
Is 239 a multiple of 3?
False
Is 61 a factor of 733?
False
Is 612 a multiple of 37?
False
Is 15 a factor of 613?
False
Does 14 divide 273?
False
Is 38960 a multiple of 40?
True
Does 20 divide 1500?
True
Is 159 a factor of 67983?
False
Is 113 a factor of 1695?
True
Does 14 divide 10161?
False
Is 18 a factor of 1296?
True
Is 16 a factor of 39968?
True
Is 5 a factor of 30658?
False
Is 126 a multiple of 21?
True
Is 50 a factor of 2623?
False
Is 6 a factor of 942?
True
Is 3189 a multiple of 3?
True
Is 19 a factor of 8338?
False
Does 57 divide 798?
True
Is 8 a factor of 20524?
False
Is 12 a factor of 5716?
False
Is 26 a factor of 2772?
False
Is 1253 a multiple of 3?
False
Is 394 a multiple of 32?
False
Is 3160 a multiple of 81?
False
Is 28 a factor of 11284?
True
Is 106 a factor of 43728?
False
Is 384 a factor of 64128?
True
Is 6 a factor of 635?
False
Is 636 a multiple of 12?
True
Is 3 a factor of 5283?
True
Is 67641 a multiple of 21?
True
Is 73 a factor of 509?
False
Is 18 a factor of 1368?
True
Does 87 divide 2610?
True
Is 28 a multiple of 7?
True
Is 466 a multiple of 14?
False
Is 5778 a multiple of 13?
False
Is 8640 a multiple of 54?
True
Is 610 even?
True
Is 6 a factor of 779?
False
Is 2935 a multiple of 48?
False
Is 74 a multiple of 34?
False
Is 19777 a multiple of 31?
False
Is 50 a factor of 8681?
False
Is 72 a factor of 1644?
False
Is 8376 a multiple of 24?
True
Does 18 divide 3618?
True
Is 12 a factor of 906?
False
Does 10 divide 43450?
True
Is 27 a factor of 18216?
False
Does 11 divide 1342?
True
Is 8 a factor of 15256?
True
Is 4968 a multiple of 18?
True
Does 3 divide 648?
True
Does 9 divide 195?
False
Is 6225 a multiple of 25?
True
Is 27621 a multiple of 27?
True
Is 7340 a multiple of 94?
False
Is 59 a factor of 1279?
False
Does 37 divide 28452?
False
Is 3706 a multiple of 29?
False
Is 16 a factor of 511?
False
Is 385 a multiple of 7?
True
Does 20 divide 913?
False
Is 18 a factor of 396?
True
Is 4 a factor of 617?
False
Is 31 a factor of 4245?
False
Is 25515 a multiple of 15?
True
Is 16 a factor of 5328?
True
Does 13 divide 17953?
True
Is 508 a multiple of 29?
False
Is 16077 a multiple of 116?
False
Does 10 divide 1650?
True
Does 47 divide 71863?
True
Is 6266 a multiple of 14?
False
Is 1653 a multiple of 29?
True
Does 88 divide 489?
False
Is 8 a factor of 9825?
False
Is 2 a factor of 165?
False
Is 165 a multiple of 7?
False
Is 138 a multiple of 4?
False
Is 53 a factor of 2269?
False
Is 132 a multiple of 12?
True
Does 9 divide 807?
False
Is 45342 a multiple of 18?
True
Is 3045 a multiple of 105?
True
Is 270 a multiple of 11?
False
Does 4 divide 190?
False
Is 156 a factor of 19188?
True
Is 515 a multiple of 5?
True
Is 8282 a multiple of 101?
True
Is 6148 a multiple of 28?
False
Does 6 divide 12390?
True
Does 23 divide 27462?
True
Is 6827 a multiple of 27?
False
Does 137 divide 137?
True
Does 13 divide 22529?
True
Is 18 a factor of 14289?
False
Is 3088 a multiple of 22?
False
Is 2244 a multiple of 51?
True
Is 13104 a multiple of 39?
True
Does 12 divide 9857?
False
Does 28 divide 3509?
False
Does 17 divide 1921?
True
Does 14 divide 2534?
True
Is 82108 a multiple of 13?
True
Does 18 divide 2118?
False
Does 40 divide 8239?
False
Is 8 a factor of 216?
True
Does 14 divide 18704?
